 4*l - 2*l + 5 + 2*l + 12*l**2. List the prime factors of f(-3).
3, 11
Let c(n) = n - 6. Suppose -15 = 5*r - 8*r. Let y be c(r). List the prime factors of y/2 + 415/10.
41
Let p(d) = -4*d + 1. Let o be p(-1). Suppose 0 = 2*v - o*v + 195. List the prime factors of v.
5, 13
Let t = 3 + -31. Let u = 100 + t. Suppose 3*v = -2*n - v + 42, -v - u = -5*n. List the prime factors of n.
3, 5
Let i(k) = 379*k**2 + 18*k - 6. What are the prime factors of i(-3)?
3, 1117
List the prime factors of 892/(-24)*-3 + 3/(-2).
2, 5, 11
Let i(k) = 6*k. Let w be i(-4). Let j be 32/w - 16/(-3). Let q(u) = u**3 - u**2 - 3*u + 3. What are the prime factors of q(j)?
3, 13
Suppose 0 = 4*n - 3*n + 1. Let c(o) = -74*o**3 + o**2 + 3*o + 2. List the prime factors of c(n).
2, 37
Suppose 2*y = 5*r + 27, -4*r - 4 = 2*y + 14. Let p be -3*((-4)/6 + y). Let j(b) = -9*b. What are the prime factors of j(p)?
3
Let m(c) = 5*c**2 - c + 6. Let t be m(6). Let z = t + -85. List the prime factors of z.
5, 19
Suppose -3*q + 5 = -7. Suppose -z - q*z = 50. What are the prime factors of (-1)/(z/(-24))*-5?
2, 3
Suppose n + 3*h = -2*n + 6, -9 = 3*n - 2*h. Let j be (4 - 11)*(n - 1). Let a = j - 6. List the prime factors of a.
2
Let z = -30 - -30. Suppose z*n - 3*n + 96 = 0. What are the prime factors of n?
2
Suppose 0 = 5*s - 2*j + 232 + 392, s + 116 = -4*j. Let x = s + 195. What are the prime factors of x?
71
Let p(y) = y**3 + 7*y**2 - 8*y + 6. Let o(u) = 4 + 0*u - 4*u + 4*u + 2*u**2 + u + u**3. Let v be o(-3). List the prime factors of p(v).
2, 3
Let s = -1085 + 1908. List the prime factors of s.
823
Let b = 10 + -6. Suppose 8*z + b = 9*z. Suppose -4*a - 4*m + 46 + 22 = 0, a + z*m = 23. List the prime factors of a.
3, 5
Let a(t) = -10*t - 7. Let l be a(-9). Suppose 18*k + l = 19*k. What are the prime factors of k?
83
Suppose 80 = 40*f - 35*f. Suppose -d + 55 = f. What are the prime factors of d?
3, 13
Suppose 0 = 5*i - 0*i + 2*c - 97, -15 = -i + 4*c. Let r = i + -17. Suppose 3*p - r*p - 14 = 0. What are the prime factors of p?
2, 7
Let x(c) = 1. Let k(t) = -12*t - 4. Suppose -5*f - 1 = -d + 4, 3*f = -5*d - 3. Let i(r) = f*x(r) + k(r). What are the prime factors of i(-3)?
31
Suppose -34 = -53*w + 52*w. List the prime factors of w.
2, 17
Let y = 27 - 29. What are the prime factors of (938/(-28))/(1/y)?
67
Let n(a) be the third derivative of a**6/120 + a**5/20 + 2*a**2. Let z be n(-2). Let t(b) = -b**2 + 4*b + 2. List the prime factors of t(z).
2
Suppose 0 = 2*k + 4*n, -52 = -6*k + k + 3*n. Let x(h) = -h**3 + 7*h**2 + 10*h - 4. Let f be x(k). Suppose 3*p = -p + f. What are the prime factors of p?
3
Let c be -26*-3*(-40)/(-6). Suppose 2*t = -3*w - 2*t + c, 0 = 5*w + 3*t - 885. List the prime factors of (2/(-3))/((-8)/w).
3, 5
Let g = -25 + 35. Let l = -5 + g. Suppose -531 = -l*i - 216. What are the prime factors of i?
3, 7
Suppose 24 = -3*b - 0*b. Let h = b - -42. Suppose 5*o = -2*s, s - h = -2*s + o. List the prime factors of s.
2, 5
Let j be ((-1)/(-2))/(10/780). Let p be 33/9 + 1/3. Suppose -j = -p*d + d. List the prime factors of d.
13
Let q be 44/(-10) - (-15)/(-25). What are the prime factors of q/(3 - 16/4)?
5
Let x = 579 + 57. List the prime factors of x.
2, 3, 53
Let z(x) = -x**3 - 7*x**2 + 7*x - 11. Let r be z(-8). Let k be (4/(-24))/(r/18). List the prime factors of (1 - (-1 - 2))*k.
2
Suppose 366 = 5*h + 3*u, -u + 50 + 22 = h. List the prime factors of h.
3, 5
Suppose 0 = 3*d - 14 - 19. What are the prime factors of (d/22)/((-2)/(-276))?
3, 23
What are the prime factors of ((-3)/(3/1618))/(-2)?
809
Suppose 4*p = -2*m + 654, -4*m - 168 = 4*p - 5*p. List the prime factors of p.
2, 41
Let u be (0/(((-8)/(-2))/(-4)))/1. Suppose -4*g - v + 153 = u, 5*v = 13 + 12. List the prime factors of g.
37
Suppose 0*n + n - 621 = -3*y, 0 = 2*y + n - 414. List the prime factors of (y/45)/((-3)/(-15)).
23
Let y(p) = p**2 - p - 1. Let g be y(-1). What are the prime factors of g + (-20)/4 + 67?
3, 7
Suppose 807 = 5*z - i - 238, 0 = -2*i. List the prime factors of z.
11, 19
Let i(j) = j - 8. Let t be i(-5). Let b = t + 15. Suppose -11 = -2*n - 5*a, -a = b*n - 3*a - 46. List the prime factors of n.
2, 3
Let n(h) = -h + 5*h - 5 - 20 + 10*h. List the prime factors of n(6).
59
Let a(o) = 8 - 8 + 17*o - 3. Let l be a(5). Suppose 5*k - 4*h = 196, 0 = -2*k - 0*k - 2*h + l. What are the prime factors of k?
2, 5
Let j(r) be the second derivative of r**4/6 + 5*r**3/6 + 7*r**2/2 - 3*r. Let m = 35 - 42. List the prime factors of j(m).
2, 5, 7
Suppose 0 = 3*z + 4*l + 5, 4*l = -8 - 0. What are the prime factors of 6/(-2) - (-122)/z?
7, 17
Suppose -5*i + 222 + 63 = 0. Let u be 1071/36 + (1/(-4))/(-1). Let x = i - u. List the prime factors of x.
3
Let m be -25 + 5/((-5)/(-3)). Let h be -2*m/8*6. List the prime factors of h - 16/4*-1.
37
Let f = 93 - 86. Suppose f*k = 9*k - 202. List the prime factors of k.
101
Suppose 5*j + 7*h = 2*h, -3*j + 3*h = 0. Let v(d) = -d**3 - 5*d**2 + 5*d - 3. Let k be v(-7). Suppose j = -y - y + k. List the prime factors of y.
2, 3, 5
Let z(u) = -u**2 + 27*u - 7. Let v be z(26). Suppose v*a - 18*a = 42. What are the prime factors of a?
2, 3, 7
Let u(z) = 78*z**2 + z + 1. Suppose 17 = -2*m + 3*b, 0 = -2*m - 0*b + 5*b - 27. What are the prime factors of u(m)?
2, 3, 13
Let n be (-1 + 1)*(-3)/6. Suppose 4*z - 14 = -4*j - 2, -j + 8 = 2*z. Suppose n*k + z*k = 20. What are the prime factors of k?
2
Let r = -15 - 94. Let l = -77 - r. What are the prime factors of l?
2
Let g(w) = -243*w + 188. What are the prime factors of g(-9)?
5, 19
Suppose -5*p - 13 = -d + 116, d - 117 = 2*p. List the prime factors of d.
109
Let x be (-1 - 3) + (-9)/(-1). Suppose -2*h = -4*h + 30. Suppose 0 = 4*i + 5*c + 9, x*c + h + 10 = 0. List the prime factors of i.
2
Suppose -19*j + 2840 = -9*j. What are the prime factors of j?
2, 71
Let t(p) = -37*p + 14. Let h be t(-3). Suppose -l = -h + 30. List the prime factors of l.
5, 19
Let p = -21 + 9. Suppose 5*a - 2*g + 129 = 0, 5*a + g + 162 - 24 = 0. Let t = p - a. List the prime factors of t.
3, 5
Suppose 2*c = 4*j - 3*j + 4707, -c - 5*j + 2326 = 0. List the prime factors of c.
2351
Let d(r) = -19*r + 7. Let x be d(-3). Suppose 4*k + x = 6*k - 2*o, k - 28 = 3*o. What are the prime factors of k?
2, 17
Let v = 3444 + -1814. List the prime factors of v.
2, 5, 163
Suppose -4*h - 47 = 5*o, -40 + 9 = 4*o + h. Let f = o + 14. What are the prime factors of f*(1 - 0)*2?
2, 7
Suppose 5*m + 2746 = -8*l + 11*l, -4*m - 2744 = -3*l. List the prime factors of l.
2, 3, 19
Let f(g) = -42*g + 24. What are the prime factors of f(-28)?
2, 3, 5
Suppose -5*f = 3*t + 12, 3*t + f - 3*f - 9 = 0. Let j be (-8 - -11) + 1 + t. Suppose j*c - 115 = 3*q - 43, -5*c + 76 = q. What are the prime factors of c?
3, 5
Suppose m = -a + 957, -3*a + 2831 = 2*m - 7*m. List the prime factors of a.
2, 7, 17
Suppose 0 = -8*j + 253 + 347. Suppose 0 = -4*l - y + 57, -3*l = -3*y + 21 - j. What are the prime factors of l?
3, 5
What are the prime factors of 5772/36 - (1 - (-10)/(-6))?
7, 23
Let i(y) = 2*y**3 - 20*y**2 - 36*y + 16. List the prime factors of i(14).
2, 3, 5
Suppose 6*s - s - 1652 = -3*y, -2766 = -5*y - 2*s. List the prime factors of y.
2, 277
List the prime factors of ((-17)/3 + -1)/(8/(-156)).
2, 5, 13
Suppose 5*i = 2*o + 20, -2*i + 18 = -3*i - 4*o. What are the prime factors of 46/4*(i - 0)?
23
Suppose 135 = -2*z + 5*z. Suppose z = -i + 4*i. List the prime factors of i.
3, 5
List the prime factors of 21/(-8 + 1)*(-1173)/9.
17, 23
Suppose 0 = -131*x + 145*x - 36050. List the prime factors of x.
5, 103
Let p = 27 + -5. Let f = p - -45. List the prime factors of f.
67
Suppose 4 + 0 = c. Suppose 0 = c*y - 19 - 21. List the prime factors of y.
2, 5
Suppose -4*i - m = -4*m + 47, 3*i = 5*m - 27. Suppose 3*o = 12, 2*r - 3*r + 38 = 5*o. Let d = r + i. List the prime factors of d.
2
Suppose -8 = 2*m - 2. Let s(r) = r**3 + 4*r**2 - 5*r - 4. What are the prime factors of s(m)?
2, 5
Let y be 1064/10 + (-16)/40. Let g = y + -56. List the prime factors of g.
2, 5
Let c(y) = -2*y**3 + 14*y**2 - y - 42. List the prime factors of c(6).
2, 3
Let s = 195 + 282. What are the prime factors of s?
3, 53
Suppose -2*m - 4 = -6*m. Let s(f) = 0 + 9*f**2 + 0 + 3 + m - f. What are the prime factors of s(3)?
2, 41
Suppose 3*z - 2889 = -0*o - 